hat is 1007b (base 15) in base 14?
146c5
-80726 (base 11) to base 16
-1ccf3
-1cf39 (base 16) to base 8
-347471
-142420442 (base 5) to base 14
-156983
Convert 148c9 (base 13) to base 7.
221212
6f6c5 (base 16) to base 14
bc473
Convert -5b793 (base 14) to base 2.
-110110101000010101
What is -21217a (base 12) in base 15?
-a4a64
Convert -27818 (base 11) to base 9.
-60264
What is -3b38d (base 15) in base 13?
-68518
What is -897998 (base 14) in base 13?
-c764ab
What is -99987 (base 11) in base 9?
-240725
What is 53361376 (base 8) in base 3?
210102222011002
-1871731 (base 10) to base 12
-763217
What is -25748 (base 15) in base 6?
-2322252
What is 345136 (base 11) in base 16?
85eb4
-38403 (base 14) to base 9
-230248
444404443 (base 5) to base 8
7341637
Convert 36703470 (base 8) to base 4.
132320130320
What is 314315404 (base 6) in base 11?
3138799
What is -25fd1 (base 16) in base 12?
-76069
Convert 415374 (base 9) to base 10.
246712
Convert 2022431 (base 7) to base 4.
322311230
What is 1e8d2 (base 15) in base 9?
161888
What is 74a43 (base 15) in base 9?
623720
Convert -40a68 (base 15) to base 5.
-23023343
-1e771 (base 15) to base 9
-161507
Convert -281a8c0 (base 13) to base 16.
-c16ba1
-20122021012 (base 3) to base 12
-63765
Convert -5cce1c (base 15) to base 12.
-15a6130
-187582 (base 9) to base 13
-41402
Convert -30125 (base 7) to base 8.
-16147
What is -848565 (base 11) in base 3?
-2120000020021
Convert -4b89 (base 14) to base 2.
-11001111000101
What is -131002313213 (base 4) in base 13?
-17677a9
Convert -30454543 (base 6) to base 7.
-10316055
2305077 (base 9) to base 12
4bb914
What is -1667470 (base 8) in base 4?
-1312330320
100010000111100101 (base 2) to base 4
202013211
What is -112319 (base 10) in base 15?
-2342e
-54b1c (base 14) to base 13
-72557
What is -10001010100111 (base 2) in base 5?
-240441
What is 22113540 (base 7) in base 16?
1d092e
Convert -2223133 (base 8) to base 2.
-10010010011001011011
Convert 28b2d (base 15) to base 11.
8a280
Convert 42772 (base 15) to base 12.
a2098
-201021111200 (base 4) to base 2
-100001001001010101100000
65224770 (base 8) to base 7
226512415
Convert 135235 (base 6) to base 8.
31047
-30b30 (base 14) to base 16
-1cac6
101110100011011101011 (base 2) to base 7
15652321
Convert -3b7ab9 (base 12) to base 10.
-988269
Convert -11c13b (base 15) to base 14.
-1820a1
Convert 303134034 (base 6) to base 8.
23633306
Convert -10100000011101010010001 (base 2) to base 4.
-110003222101
What is 1101001010110110000 (base 2) in base 7?
3445060
Convert -172737 (base 9) to base 2.
-11010001000011011
Convert -10010001001010110 (base 2) to base 15.
-17051
Convert -4021301 (base 5) to base 9.
-106646
-1a8aa (base 14) to base 8
-203766
-390d4 (base 14) to base 10
-140130
115500555 (base 6) to base 7
24654035
-18a6463 (base 11) to base 8
-14207106
Convert -684a0 (base 12) to base 3.
-21001120210
Convert -2588549 (base 10) to base 3.
-11212111211012
What is -72a59 (base 11) in base 8?
-317667
What is 1986934 (base 10) in base 2?
111100101000101110110
b405ba (base 12) to base 13
77a00a
Convert 560220 (base 8) to base 11.
119739
Convert -148112 (base 9) to base 15.
-1c062
Convert -11102010111 (base 3) to base 16.
-1533d
68ac2 (base 16) to base 4
1220223002
What is -aa8a1 (base 11) in base 10?
-160799
-11032275 (base 8) to base 9
-4415771
2791774 (base 10) to base 2
1010101001100101011110
Convert 33490 (base 11) to base 16.
bd73
Convert 10691b (base 12) to base 14.
6ad27
Convert -a1c16 (base 13) to base 8.
-1066076
Convert -4247b5 (base 13) to base 11.
-970395
Convert 166a93 (base 12) to base 15.
791cc
What is -32d96b (base 14) in base 13?
-4865b5
-55414504 (base 6) to base 15
-22db3d
What is 12879 (base 15) in base 10?
59289
144487 (base 10) to base 15
2cc27
What is -1121212120200 (base 3) in base 11?
-53a894
Convert -22130026 (base 7) to base 2.
-111010001011011101110
-23222300 (base 4) to base 3
-2102120002
-1140211 (base 6) to base 4
-32210233
320030033 (base 4) to base 16
3830f
-a9111b (base 15) to base 4
-132232010021
What is -17312713 (base 9) in base 6?
-510121533
32a17 (base 12) to base 10
67123
What is -605ba (base 14) in base 2?
-111000100011011000
2339a5 (base 11) to base 8
1325026
Convert 9bea (base 16) to base 8.
115752
What is 2074b87 (base 13) in base 6?
551232023
Convert -1140034041 (base 5) to base 4.
-22021011112
What is -148165 (base 12) in base 10?
-345821
-142124553 (base 6) to base 7
-33453546
What is -160500 (base 9) in base 8?
-301004
Convert 3337d6 (base 16) to base 4.
30303133112
Convert 1223230010 (base 4) to base 12.
193318
What is 63972 (base 10) in base 14?
19456
Convert -2354625 (base 8) to base 4.
-2131212111
What is 36132334 (base 7) in base 3?
20000122111001
What is -241043 (base 5) in base 12?
-5196
What is 330331101 (base 5) in base 16?
15a1b3
3321561 (base 7) to base 9
682683
Convert 3477767 (base 8) to base 16.
e7ff7
-353232 (base 8) to base 12
-59876
-1001001101000111000 (base 2) to base 8
-1115070
What is -211302003032 (base 4) in base 11?
-5655300
-59773 (base 13) to base 14
-439dd
What is 93a448 (base 14) in base 13?
10566ac
-44002235 (base 6) to base 12
-53037b
Convert -2020212102 (base 3) to base 14.
-12256
19919dc (base 14) to base 10
12720398
Convert -28a7b (base 15) to base 3.
-20122011122
Convert -4b3b8a (base 15) to base 12.
-125b541
7230400 (base 9) to base 16
3adf10
1002354301 (base 6) to base 14
14d7bd3
-22451345 (base 7) to base 9
-3620485
-191848 (base 10) to base 3
-100202011111
What is 5a33 (base 14) in base 6?
200445
Convert -371196 (base 12) to base 6.
-31053110
What is 186105 (base 9) in base 4?
130110131
What is 18c129 (base 14) in base 2?
11010110011011101001
Convert -430411434 (base 5) to base 12.
-733718
141504 (base 9) to base 4
111012133
-9a0a21 (base 12) to base 9
-4541407
133230031 (base 5) to base 4
2212001100
What is -831652 (base 10) in base 8?
-3130244
What is 520235 (base 7) in base 16?
15b81
318a9 (base 12) to base 4
33323001
-113040052 (base 6) to base 5
-1014322421
Convert -110101101001110100 (base 2) to base 4.
-311221310
Convert 351243531 (base 6) to base 10.
6506767
882786 (base 10) to base 14
18da02
-16197aa (base 11) to base 8
-12431216
What is -26316052 (base 7) in base 14?
-469729
111822 (base 15) to base 16
c7067
What is -1122010020112 (base 3) in base 5?
-210242130
Convert -2305535 (base 6) to base 10.
-117923
Convert -59a0b (base 14) to base 3.
-102010001202
What is 130275 (base 9) in base 14?
20ac2
29280 (base 14) to base 16
18e90
What is -302313223 (base 5) in base 9?
-2248623
Convert -453243104 (base 6) to base 15.
-ad82e1
1200064 (base 7) to base 8
447415
-537714 (base 8) to base 6
-3510044
What is c0156b (base 14) in base 2?
11000101000100101101011
1072843 (base 14) to base 10
7805563
What is -1103004043 (base 5) in base 12?
-973924
1000001011010000110110111 (base 2) to base 10
17146295
What is 10110001210 (base 3) in base 7?
401541
What is -1152032 (base 12) in base 4?
-30233322212
-5400 (base 13) to base 10
-11661
Convert 154553 (base 8) to base 4.
31211223
-ca537 (base 14) to base 4
-1313133311
What is 82f33 (base 16) in base 14?
dd683
Convert -100111001111100011011 (base 2) to base 11.
-7a9144
Convert 151688 (base 13) to base 10.
517421
Convert -933778 (base 11) to base 10.
-1498307
What is -55dd5 (base 15) in base 6?
-5504245
Convert 38744 (base 10) to base 13.
14834
-86034a (base 16) to base 9
-17465487
-412112204 (base 5) to base 12
-689a49
31ff42 (base 16) to base 12
112022a
Convert -2344530 (base 6) to base 2.
-11110000000000110
What is -1234343032 (base 5) in base 9?
-5647825
What is 10001110111110000110111 (base 2) in base 3?
22211000102011
Convert -188838 (base 12) to base 3.
-210211111022
Convert -46723255 (base 8) to base 9.
-21166715
Convert -11111101010010000110 (base 2) to base 15.
-1575d1
What is 10001100000000110001 (base 2) in base 13?
171057
-244329 (base 10) to base 6
-5123053
What is 1aa11 (base 11) in base 2?
111000111110101
Convert -1000011111101000001 (base 2) to base 7.
-2236323
146443 (base 8) to base 6
1043043
1e2662 (base 15) to base 7
15356063
Convert 111001001101010110000111 (base 2) to base 5.
12314344441
-203222533 (base 6) to base 9
-6551673
Convert -646457 (base 8) to base 14.
-58bcb
Convert 10122100210110 (base 